{"id":194,"date":"2021-11-08T12:30:48","date_gmt":"2021-11-08T18:30:48","guid":{"rendered":"https:\/\/ausjal.diseno.ibero.mx\/?page_id=194"},"modified":"2021-11-12T16:38:55","modified_gmt":"2021-11-12T22:38:55","slug":"ii-encuentro","status":"publish","type":"page","link":"https:\/\/ausjal.diseno.ibero.mx\/index.php\/red-de-escuelas-de-diseno-ausjal\/home-2\/ii-encuentro\/","title":{"rendered":"II Encuentro"},"content":{"rendered":"\n<p>Los&nbsp;<a href=\"http:\/\/spreadsheets.google.com\/pub?key=0AoXKF2Jdge7WdGg0elBjaGxJMDFJaVNPLXpCTU5sUlE&amp;gid=2\"><strong>asistentes&nbsp;<\/strong><\/a>presentaron los resultados obtenidos durante el a\u00f1o y conformaron grupos de trabajo para desarrollar los siguientes temas:<\/p>\n\n\n\n<ul class=\"wp-block-list\"><li><a href=\"http:\/\/www.dis.uia.mx\/ausjal_ii\/resumen_acuerdos.html#conformacion\">Conformaci\u00f3n y ratificaci\u00f3n oficial ante la Secretar\u00eda Ejecutiva de AUSJAL, de la \u201cRed de Hom\u00f3logos de Dise\u00f1o AUSJAL\u201d<\/a><\/li><li>Post grados y Doctorado en Dise\u00f1o AUSJAL<\/li><li>Investigaci\u00f3n aplicada a Proyectos Sociales<\/li><li>Publicaciones<\/li><\/ul>\n\n\n\n<p>Los resultados y acciones propuetas para el siguiente a\u00f1o se asentaron en el<a href=\"http:\/\/www.dis.uia.mx\/ausjal_II\/documentos\/acuerdos_AUSJAL-2.pdf\"><strong>&nbsp;acta de reuni\u00f3n<\/strong><\/a>, misma que firmaron los representantes de cada instituci\u00f3n. Igualmente se defini\u00f3 la estructura organizativa de la Red de Hom\u00f3logos AUSJAL:<\/p>\n\n\n\n<ul class=\"wp-block-list\"><li>Coordinaci\u00f3n General: Ovidio Morales \/ URL (Guatemala)<\/li><li>Secretaria Ejecutiva: Karine Freire \/ UNISINOS (Brasil)<\/li><li>Coordinador de Encuentros: Vera Damazio \/ PUC Rio (Brasil)<\/li><li>Coordinador de Cooperaci\u00f3n: Cielo Qui\u00f1onez \/ PUJ (Colombia)<\/li><li>Coordinador de Documentaci\u00f3n: Jorge Meza y Edward Berm\u00fadez \/ UIA (Mexico)<\/li><\/ul>\n\n\n\n<p>El III Encuentro de Hom\u00f3logos de Dise\u00f1o de la Red AUSJAL en el 2012, ser\u00e1 realizado en la Universidad Rafael Land\u00edvar de Guatemala.<\/p>\n\n\n\n<figure class=\"wp-block-embed is-type-rich is-provider-gestor-del-servicio wp-block-embed-gestor-del-servicio wp-embed-aspect-4-3 wp-has-aspect-ratio\"><div class=\"wp-block-embed__wrapper\">\n<div class=\"nv-iframe-embed\"><iframe loading=\"lazy\" title=\"II Encontro da Rede de Escolas de Design da Ausjal\" width=\"1200\" height=\"900\" src=\"https:\/\/www.youtube.com\/embed\/kfPHV277dRI?feature=oembed\" frameborder=\"0\" allow=\"accelerometer; autoplay; clipboard-write; encrypted-media; gyroscope; picture-in-picture\" allowfullscreen><\/iframe><\/div>\n<\/div><\/figure>\n","protected":false},"excerpt":{"rendered":"<p>Los&nbsp;asistentes&nbsp;presentaron los resultados obtenidos durante el a\u00f1o y conformaron grupos de trabajo para desarrollar los siguientes temas: Conformaci\u00f3n y ratificaci\u00f3n oficial ante la Secretar\u00eda Ejecutiva de AUSJAL, de la \u201cRed de Hom\u00f3logos de Dise\u00f1o AUSJAL\u201d Post grados y Doctorado en Dise\u00f1o AUSJAL Investigaci\u00f3n aplicada a Proyectos Sociales Publicaciones Los resultados y acciones propuetas para el&hellip;&nbsp;<a href=\"https:\/\/ausjal.diseno.ibero.mx\/index.php\/red-de-escuelas-de-diseno-ausjal\/home-2\/ii-encuentro\/\" rel=\"bookmark\">Leer m\u00e1s &raquo;<span class=\"screen-reader-text\">II Encuentro<\/span><\/a><\/p>\n","protected":false},"author":1,"featured_media":0,"parent":222,"menu_order":0,"comment_status":"closed","ping_status":"closed","template":"","meta":{"neve_meta_sidebar":"","neve_meta_container":"","neve_meta_enable_content_width":"","neve_meta_content_width":0,"neve_meta_title_alignment":"","neve_meta_author_avatar":"","neve_post_elements_order":"","neve_meta_disable_header":"","neve_meta_disable_footer":"","neve_meta_disable_title":"","footnotes":""},"class_list":["post-194","page","type-page","status-publish","hentry"],"yoast_head":"<!-- This site is optimized with the Yoast SEO plugin v26.2 - https:\/\/yoast.com\/wordpress\/plugins\/seo\/ -->\n<title>II Encuentro - Red de Escuelas de Dise\u00f1o AUSJAL<\/title>\n<meta name=\"robots\" content=\"index, follow, max-snippet:-1, max-image-preview:large, max-video-preview:-1\" \/>\n<link rel=\"canonical\" href=\"https:\/\/ausjal.diseno.ibero.mx\/index.php\/home-2\/ii-encuentro\/\" \/>\n<meta property=\"og:locale\" content=\"es_MX\" \/>\n<meta property=\"og:type\" content=\"article\" \/>\n<meta property=\"og:title\" content=\"II Encuentro - Red de Escuelas de Dise\u00f1o AUSJAL\" \/>\n<meta property=\"og:description\" content=\"Los&nbsp;asistentes&nbsp;presentaron los resultados obtenidos durante el a\u00f1o y conformaron grupos de trabajo para desarrollar los siguientes temas: Conformaci\u00f3n y ratificaci\u00f3n oficial ante la Secretar\u00eda Ejecutiva de AUSJAL, de la \u201cRed de Hom\u00f3logos de Dise\u00f1o AUSJAL\u201d Post grados y Doctorado en Dise\u00f1o AUSJAL Investigaci\u00f3n aplicada a Proyectos Sociales Publicaciones Los resultados y acciones propuetas para el&hellip;&nbsp;Leer m\u00e1s &raquo;II Encuentro\" \/>\n<meta property=\"og:url\" content=\"https:\/\/ausjal.diseno.ibero.mx\/index.php\/home-2\/ii-encuentro\/\" \/>\n<meta property=\"og:site_name\" content=\"Red de Escuelas de Dise\u00f1o AUSJAL\" \/>\n<meta property=\"article:modified_time\" content=\"2021-11-12T22:38:55+00:00\" \/>\n<meta name=\"twitter:card\" content=\"summary_large_image\" \/>\n<meta name=\"twitter:label1\" content=\"Tiempo de lectura\" \/>\n\t<meta name=\"twitter:data1\" content=\"1 minuto\" \/>\n<script type=\"application\/ld+json\" class=\"yoast-schema-graph\">{\"@context\":\"https:\/\/schema.org\",\"@graph\":[{\"@type\":\"WebPage\",\"@id\":\"https:\/\/ausjal.diseno.ibero.mx\/index.php\/home-2\/ii-encuentro\/\",\"url\":\"https:\/\/ausjal.diseno.ibero.mx\/index.php\/home-2\/ii-encuentro\/\",\"name\":\"II Encuentro - Red de Escuelas de Dise\u00f1o AUSJAL\",\"isPartOf\":{\"@id\":\"https:\/\/ausjal.diseno.ibero.mx\/#website\"},\"datePublished\":\"2021-11-08T18:30:48+00:00\",\"dateModified\":\"2021-11-12T22:38:55+00:00\",\"breadcrumb\":{\"@id\":\"https:\/\/ausjal.diseno.ibero.mx\/index.php\/home-2\/ii-encuentro\/#breadcrumb\"},\"inLanguage\":\"es\",\"potentialAction\":[{\"@type\":\"ReadAction\",\"target\":[\"https:\/\/ausjal.diseno.ibero.mx\/index.php\/home-2\/ii-encuentro\/\"]}]},{\"@type\":\"BreadcrumbList\",\"@id\":\"https:\/\/ausjal.diseno.ibero.mx\/index.php\/home-2\/ii-encuentro\/#breadcrumb\",\"itemListElement\":[{\"@type\":\"ListItem\",\"position\":1,\"name\":\"Inicio\",\"item\":\"https:\/\/ausjal.diseno.ibero.mx\/\"},{\"@type\":\"ListItem\",\"position\":2,\"name\":\"Red de Escuelas de Dise\u00f1o AUSJAL\",\"item\":\"https:\/\/ausjal.diseno.ibero.mx\/?page_id=222\"},{\"@type\":\"ListItem\",\"position\":3,\"name\":\"II Encuentro\"}]},{\"@type\":\"WebSite\",\"@id\":\"https:\/\/ausjal.diseno.ibero.mx\/#website\",\"url\":\"https:\/\/ausjal.diseno.ibero.mx\/\",\"name\":\"Red de Escuelas de Dise\u00f1o AUSJAL\",\"description\":\"Dise\u00f1o AUSJAL\",\"potentialAction\":[{\"@type\":\"SearchAction\",\"target\":{\"@type\":\"EntryPoint\",\"urlTemplate\":\"https:\/\/ausjal.diseno.ibero.mx\/?s={search_term_string}\"},\"query-input\":{\"@type\":\"PropertyValueSpecification\",\"valueRequired\":true,\"valueName\":\"search_term_string\"}}],\"inLanguage\":\"es\"}]}<\/script>\n<!-- \/ Yoast SEO plugin. -->","yoast_head_json":{"title":"II Encuentro - Red de Escuelas de Dise\u00f1o AUSJAL","robots":{"index":"index","follow":"follow","max-snippet":"max-snippet:-1","max-image-preview":"max-image-preview:large","max-video-preview":"max-video-preview:-1"},"canonical":"https:\/\/ausjal.diseno.ibero.mx\/index.php\/home-2\/ii-encuentro\/","og_locale":"es_MX","og_type":"article","og_title":"II Encuentro - Red de Escuelas de Dise\u00f1o AUSJAL","og_description":"Los&nbsp;asistentes&nbsp;presentaron los resultados obtenidos durante el a\u00f1o y conformaron grupos de trabajo para desarrollar los siguientes temas: Conformaci\u00f3n y ratificaci\u00f3n oficial ante la Secretar\u00eda Ejecutiva de AUSJAL, de la \u201cRed de Hom\u00f3logos de Dise\u00f1o AUSJAL\u201d Post grados y Doctorado en Dise\u00f1o AUSJAL Investigaci\u00f3n aplicada a Proyectos Sociales Publicaciones Los resultados y acciones propuetas para el&hellip;&nbsp;Leer m\u00e1s &raquo;II Encuentro","og_url":"https:\/\/ausjal.diseno.ibero.mx\/index.php\/home-2\/ii-encuentro\/","og_site_name":"Red de Escuelas de Dise\u00f1o AUSJAL","article_modified_time":"2021-11-12T22:38:55+00:00","twitter_card":"summary_large_image","twitter_misc":{"Tiempo de lectura":"1 minuto"},"schema":{"@context":"https:\/\/schema.org","@graph":[{"@type":"WebPage","@id":"https:\/\/ausjal.diseno.ibero.mx\/index.php\/home-2\/ii-encuentro\/","url":"https:\/\/ausjal.diseno.ibero.mx\/index.php\/home-2\/ii-encuentro\/","name":"II Encuentro - Red de Escuelas de Dise\u00f1o AUSJAL","isPartOf":{"@id":"https:\/\/ausjal.diseno.ibero.mx\/#website"},"datePublished":"2021-11-08T18:30:48+00:00","dateModified":"2021-11-12T22:38:55+00:00","breadcrumb":{"@id":"https:\/\/ausjal.diseno.ibero.mx\/index.php\/home-2\/ii-encuentro\/#breadcrumb"},"inLanguage":"es","potentialAction":[{"@type":"ReadAction","target":["https:\/\/ausjal.diseno.ibero.mx\/index.php\/home-2\/ii-encuentro\/"]}]},{"@type":"BreadcrumbList","@id":"https:\/\/ausjal.diseno.ibero.mx\/index.php\/home-2\/ii-encuentro\/#breadcrumb","itemListElement":[{"@type":"ListItem","position":1,"name":"Inicio","item":"https:\/\/ausjal.diseno.ibero.mx\/"},{"@type":"ListItem","position":2,"name":"Red de Escuelas de Dise\u00f1o AUSJAL","item":"https:\/\/ausjal.diseno.ibero.mx\/?page_id=222"},{"@type":"ListItem","position":3,"name":"II Encuentro"}]},{"@type":"WebSite","@id":"https:\/\/ausjal.diseno.ibero.mx\/#website","url":"https:\/\/ausjal.diseno.ibero.mx\/","name":"Red de Escuelas de Dise\u00f1o AUSJAL","description":"Dise\u00f1o AUSJAL","potentialAction":[{"@type":"SearchAction","target":{"@type":"EntryPoint","urlTemplate":"https:\/\/ausjal.diseno.ibero.mx\/?s={search_term_string}"},"query-input":{"@type":"PropertyValueSpecification","valueRequired":true,"valueName":"search_term_string"}}],"inLanguage":"es"}]}},"_links":{"self":[{"href":"https:\/\/ausjal.diseno.ibero.mx\/index.php\/wp-json\/wp\/v2\/pages\/194","targetHints":{"allow":["GET"]}}],"collection":[{"href":"https:\/\/ausjal.diseno.ibero.mx\/index.php\/wp-json\/wp\/v2\/pages"}],"about":[{"href":"https:\/\/ausjal.diseno.ibero.mx\/index.php\/wp-json\/wp\/v2\/types\/page"}],"author":[{"embeddable":true,"href":"https:\/\/ausjal.diseno.ibero.mx\/index.php\/wp-json\/wp\/v2\/users\/1"}],"replies":[{"embeddable":true,"href":"https:\/\/ausjal.diseno.ibero.mx\/index.php\/wp-json\/wp\/v2\/comments?post=194"}],"version-history":[{"count":4,"href":"https:\/\/ausjal.diseno.ibero.mx\/index.php\/wp-json\/wp\/v2\/pages\/194\/revisions"}],"predecessor-version":[{"id":232,"href":"https:\/\/ausjal.diseno.ibero.mx\/index.php\/wp-json\/wp\/v2\/pages\/194\/revisions\/232"}],"up":[{"embeddable":true,"href":"https:\/\/ausjal.diseno.ibero.mx\/index.php\/wp-json\/wp\/v2\/pages\/222"}],"wp:attachment":[{"href":"https:\/\/ausjal.diseno.ibero.mx\/index.php\/wp-json\/wp\/v2\/media?parent=194"}],"curies":[{"name":"wp","href":"https:\/\/api.w.org\/{rel}","templated":true}]}}